{"id":70,"date":"2025-04-03T20:49:01","date_gmt":"2025-04-03T18:49:01","guid":{"rendered":"https:\/\/bree40k.es\/?page_id=70"},"modified":"2025-04-05T13:29:27","modified_gmt":"2025-04-05T11:29:27","slug":"nuestro-origen","status":"publish","type":"page","link":"https:\/\/bree40k.es\/?page_id=70","title":{"rendered":"Nuestro origen"},"content":{"rendered":"\n<p><\/p>\n\n\n\n<p>Bree es una Agrupaci\u00f3n Cultural del municipio de Bermeo, cuyo fin es intentar que los j\u00f3venes se aparten de los vicios digitales. La agrupaci\u00f3n Bree es una asociacion refundada en 2019, Bree existi\u00f3 con anterioridad en Bermeo hace muchos a\u00f1os ya, se disolvi\u00f3 y ahora hemos vuelto. Para conseguir nuestro objetivo ofrecemos una propuesta de juegos de mesa y Wargames. Esperamos que nuestra propuesta atraiga cada vez a m\u00e1s j\u00f3venes y vayamos creciendo poco a poco. Sois bienvenidos a vuestra casa.<\/p>\n\n\n\n<p><\/p>\n\n\n<div class=\"wp-block-image\">\n<figure class=\"aligncenter size-full\"><img loading=\"lazy\" decoding=\"async\" width=\"716\" height=\"591\" src=\"https:\/\/bree40k.es\/wp-content\/uploads\/2025\/04\/Foto-torneo-bree.jpeg\" alt=\"\" class=\"wp-image-77\" srcset=\"https:\/\/bree40k.es\/wp-content\/uploads\/2025\/04\/Foto-torneo-bree.jpeg 716w, https:\/\/bree40k.es\/wp-content\/uploads\/2025\/04\/Foto-torneo-bree-300x248.jpeg 300w\" sizes=\"auto, (max-width: 716px) 100vw, 716px\" \/><\/figure>\n<\/div>\n\n\n<p><\/p>\n\n\n\n<h2 class=\"wp-block-heading\">BONUSTRACK<\/h2>\n\n\n\n<p>En la p\u00e1rrafo de arriba os hemos descrito lo que pretendemos y porque existimos. Para conseguir nuestro objetivo trabajamos con ah\u00ednco y con mucha dedicaci\u00f3n, intentando hacerlo con la m\u00e1xima seriedad y rigor, os dejo un ejemplo de nuestra forma de trabajar que esperamos os sirva de revelaci\u00f3n:<\/p>\n\n\n\n<p><a href=\"https:\/\/youtu.be\/lG8lUcYi84Q\">Video trabajando en el reacondicionamiento de nuestro local<\/a><\/p>\n","protected":false},"excerpt":{"rendered":"<p>Bree es una Agrupaci\u00f3n Cultural del municipio de Bermeo, cuyo fin es intentar que los j\u00f3venes se aparten de los vicios digitales. La agrupaci\u00f3n Bree es una asociacion refundada en&hellip;&nbsp;<a href=\"https:\/\/bree40k.es\/?page_id=70\" rel=\"bookmark\"><span class=\"screen-reader-text\">Nuestro origen<\/span><\/a><\/p>\n","protected":false},"author":1,"featured_media":0,"parent":0,"menu_order":0,"comment_status":"closed","ping_status":"closed","template":"","meta":{"neve_meta_sidebar":"","neve_meta_container":"","neve_meta_enable_content_width":"","neve_meta_content_width":0,"neve_meta_title_alignment":"","neve_meta_author_avatar":"","neve_post_elements_order":"","neve_meta_disable_header":"","neve_meta_disable_footer":"","neve_meta_disable_title":"","footnotes":""},"class_list":["post-70","page","type-page","status-publish","hentry"],"_links":{"self":[{"href":"https:\/\/bree40k.es\/index.php?rest_route=\/wp\/v2\/pages\/70","targetHints":{"allow":["GET"]}}],"collection":[{"href":"https:\/\/bree40k.es\/index.php?rest_route=\/wp\/v2\/pages"}],"about":[{"href":"https:\/\/bree40k.es\/index.php?rest_route=\/wp\/v2\/types\/page"}],"author":[{"embeddable":true,"href":"https:\/\/bree40k.es\/index.php?rest_route=\/wp\/v2\/users\/1"}],"replies":[{"embeddable":true,"href":"https:\/\/bree40k.es\/index.php?rest_route=%2Fwp%2Fv2%2Fcomments&post=70"}],"version-history":[{"count":3,"href":"https:\/\/bree40k.es\/index.php?rest_route=\/wp\/v2\/pages\/70\/revisions"}],"predecessor-version":[{"id":152,"href":"https:\/\/bree40k.es\/index.php?rest_route=\/wp\/v2\/pages\/70\/revisions\/152"}],"wp:attachment":[{"href":"https:\/\/bree40k.es\/index.php?rest_route=%2Fwp%2Fv2%2Fmedia&parent=70"}],"curies":[{"name":"wp","href":"https:\/\/api.w.org\/{rel}","templated":true}]}}