{"id":124,"date":"2025-04-05T12:11:39","date_gmt":"2025-04-05T10:11:39","guid":{"rendered":"https:\/\/bree40k.es\/?page_id=124"},"modified":"2025-04-05T13:06:53","modified_gmt":"2025-04-05T11:06:53","slug":"eventos-y-actividades","status":"publish","type":"page","link":"https:\/\/bree40k.es\/?page_id=124","title":{"rendered":"Eventos y actividades"},"content":{"rendered":"\n<hr class=\"wp-block-separator has-alpha-channel-opacity\"\/>\n\n\n\n<p><\/p>\n\n\n\n<h2 class=\"wp-block-heading has-text-align-center\">II OPEN DE BIZKAIA<\/h2>\n\n\n\n<p>El pr\u00f3ximo d\u00eda 21 de Junio Celebramos nuestra segunda edici\u00f3n del Open de Bizkaia, torneo individual para 20 participantes (de momento&#8230;.) perteneciente al circuito Iberian, circuito que como sabemos os permite poder conseguir puntos para el ranking Iberian y poder aspirar a ganar un Golden Ticket que te lleva a jugar el campeonato del mundo individual organizado por Games Workshop en Atlanta durante el mes de Noviembre, con viaje y estancia gratis y que reunir\u00e1 a los mejores jugadores del mundo, quieres codearte y con ellos y medir tu habilidad en Warhammer 40.000? pues no lo dudes, ap\u00fantate y consigue tu Golden ticket.<\/p>\n\n\n<div class=\"wp-block-image\">\n<figure class=\"aligncenter size-full\"><img loading=\"lazy\" decoding=\"async\" width=\"598\" height=\"842\" src=\"https:\/\/bree40k.es\/wp-content\/uploads\/2025\/04\/CARTEL-II-OPEN-DE-BIZKAIA.jpg\" alt=\"\" class=\"wp-image-125\" srcset=\"https:\/\/bree40k.es\/wp-content\/uploads\/2025\/04\/CARTEL-II-OPEN-DE-BIZKAIA.jpg 598w, https:\/\/bree40k.es\/wp-content\/uploads\/2025\/04\/CARTEL-II-OPEN-DE-BIZKAIA-213x300.jpg 213w\" sizes=\"auto, (max-width: 598px) 100vw, 598px\" \/><\/figure>\n<\/div>\n\n\n<p><\/p>\n\n\n\n<p>Descargate las bases del torneo <a href=\"http:\/\/bree40k.es\/wp-content\/uploads\/2025\/04\/Bases-II-Open-de-Bizkaia-2024.docx.pdf\">aqu\u00ed<\/a>.<\/p>\n\n\n\n<hr class=\"wp-block-separator has-alpha-channel-opacity\"\/>\n\n\n\n<p><\/p>\n\n\n\n<h2 class=\"wp-block-heading alignfull has-text-align-center\">TALLERES DE JUEGOS DE MESA Y MODELISMO<\/h2>\n\n\n\n<p>En el mes de diciembre de 2024 realizamos una actividad en Gernika con la asociaci\u00f3n del barrio de Santa Luc\u00eda que quisieron contar con nosotros para organizar un taller con los ni\u00f1os del barrio. Por supuesto desde Bree vimos una oportunidad \u00fanica para realizar la tarea por la que hemos sido concebidos y no dudamos ni un instante en acceder a preparar el taller. La actividad fue todo un \u00e9xito, con una gran influencia de ni\u00f1os y mayores que experimentaron con los diversos y divertidos juegos de mesa que llevamos as\u00ed como con la parte de modelismo, ya que llevamos miniaturas de Warhammer para que los ni\u00f1os pudiesen montarlos y pintarlos por si mismos y se lo llevasen como recuerdo de la actividad a sus casas. A continuaci\u00f3n en las fotos se puede ver lo fant\u00e1sticamente bien que lo pasamos todos:<\/p>\n\n\n\n<p><\/p>\n\n\n\n<figure class=\"wp-block-gallery has-nested-images columns-default is-cropped wp-block-gallery-1 is-layout-flex wp-block-gallery-is-layout-flex\">\n<figure class=\"wp-block-image size-large\"><img loading=\"lazy\" decoding=\"async\" width=\"1024\" height=\"768\" data-id=\"137\" src=\"https:\/\/bree40k.es\/wp-content\/uploads\/2025\/04\/IMG-20241208-WA0033-1024x768.jpg\" alt=\"\" class=\"wp-image-137\" srcset=\"https:\/\/bree40k.es\/wp-content\/uploads\/2025\/04\/IMG-20241208-WA0033-1024x768.jpg 1024w, https:\/\/bree40k.es\/wp-content\/uploads\/2025\/04\/IMG-20241208-WA0033-300x225.jpg 300w, https:\/\/bree40k.es\/wp-content\/uploads\/2025\/04\/IMG-20241208-WA0033-768x576.jpg 768w, https:\/\/bree40k.es\/wp-content\/uploads\/2025\/04\/IMG-20241208-WA0033-1536x1152.jpg 1536w, https:\/\/bree40k.es\/wp-content\/uploads\/2025\/04\/IMG-20241208-WA0033.jpg 2040w\" sizes=\"auto, (max-width: 1024px) 100vw, 1024px\" \/><\/figure>\n\n\n\n<figure class=\"wp-block-image size-large\"><img loading=\"lazy\" decoding=\"async\" width=\"1024\" height=\"768\" data-id=\"136\" src=\"https:\/\/bree40k.es\/wp-content\/uploads\/2025\/04\/IMG-20241208-WA0039-1024x768.jpg\" alt=\"\" class=\"wp-image-136\" srcset=\"https:\/\/bree40k.es\/wp-content\/uploads\/2025\/04\/IMG-20241208-WA0039-1024x768.jpg 1024w, https:\/\/bree40k.es\/wp-content\/uploads\/2025\/04\/IMG-20241208-WA0039-300x225.jpg 300w, https:\/\/bree40k.es\/wp-content\/uploads\/2025\/04\/IMG-20241208-WA0039-768x576.jpg 768w, https:\/\/bree40k.es\/wp-content\/uploads\/2025\/04\/IMG-20241208-WA0039-1536x1152.jpg 1536w, https:\/\/bree40k.es\/wp-content\/uploads\/2025\/04\/IMG-20241208-WA0039.jpg 2040w\" sizes=\"auto, (max-width: 1024px) 100vw, 1024px\" \/><\/figure>\n\n\n\n<figure class=\"wp-block-image size-large\"><img loading=\"lazy\" decoding=\"async\" width=\"1024\" height=\"768\" data-id=\"135\" src=\"https:\/\/bree40k.es\/wp-content\/uploads\/2025\/04\/IMG-20241208-WA0038-1024x768.jpg\" alt=\"\" class=\"wp-image-135\" srcset=\"https:\/\/bree40k.es\/wp-content\/uploads\/2025\/04\/IMG-20241208-WA0038-1024x768.jpg 1024w, https:\/\/bree40k.es\/wp-content\/uploads\/2025\/04\/IMG-20241208-WA0038-300x225.jpg 300w, https:\/\/bree40k.es\/wp-content\/uploads\/2025\/04\/IMG-20241208-WA0038-768x576.jpg 768w, https:\/\/bree40k.es\/wp-content\/uploads\/2025\/04\/IMG-20241208-WA0038-1536x1152.jpg 1536w, https:\/\/bree40k.es\/wp-content\/uploads\/2025\/04\/IMG-20241208-WA0038.jpg 2040w\" sizes=\"auto, (max-width: 1024px) 100vw, 1024px\" \/><\/figure>\n\n\n\n<figure class=\"wp-block-image size-large\"><img loading=\"lazy\" decoding=\"async\" width=\"1024\" height=\"768\" data-id=\"134\" src=\"https:\/\/bree40k.es\/wp-content\/uploads\/2025\/04\/IMG-20241208-WA0037-1024x768.jpg\" alt=\"\" class=\"wp-image-134\" srcset=\"https:\/\/bree40k.es\/wp-content\/uploads\/2025\/04\/IMG-20241208-WA0037-1024x768.jpg 1024w, https:\/\/bree40k.es\/wp-content\/uploads\/2025\/04\/IMG-20241208-WA0037-300x225.jpg 300w, https:\/\/bree40k.es\/wp-content\/uploads\/2025\/04\/IMG-20241208-WA0037-768x576.jpg 768w, https:\/\/bree40k.es\/wp-content\/uploads\/2025\/04\/IMG-20241208-WA0037-1536x1152.jpg 1536w, https:\/\/bree40k.es\/wp-content\/uploads\/2025\/04\/IMG-20241208-WA0037.jpg 2040w\" sizes=\"auto, (max-width: 1024px) 100vw, 1024px\" \/><\/figure>\n\n\n\n<figure class=\"wp-block-image size-large\"><img loading=\"lazy\" decoding=\"async\" width=\"1024\" height=\"768\" data-id=\"133\" src=\"https:\/\/bree40k.es\/wp-content\/uploads\/2025\/04\/IMG-20241208-WA0036-1024x768.jpg\" alt=\"\" class=\"wp-image-133\" srcset=\"https:\/\/bree40k.es\/wp-content\/uploads\/2025\/04\/IMG-20241208-WA0036-1024x768.jpg 1024w, https:\/\/bree40k.es\/wp-content\/uploads\/2025\/04\/IMG-20241208-WA0036-300x225.jpg 300w, https:\/\/bree40k.es\/wp-content\/uploads\/2025\/04\/IMG-20241208-WA0036-768x576.jpg 768w, https:\/\/bree40k.es\/wp-content\/uploads\/2025\/04\/IMG-20241208-WA0036-1536x1152.jpg 1536w, https:\/\/bree40k.es\/wp-content\/uploads\/2025\/04\/IMG-20241208-WA0036.jpg 2040w\" sizes=\"auto, (max-width: 1024px) 100vw, 1024px\" \/><\/figure>\n\n\n\n<figure class=\"wp-block-image size-large\"><img loading=\"lazy\" decoding=\"async\" width=\"1024\" height=\"768\" data-id=\"132\" src=\"https:\/\/bree40k.es\/wp-content\/uploads\/2025\/04\/IMG-20241208-WA0035-1024x768.jpg\" alt=\"\" class=\"wp-image-132\" srcset=\"https:\/\/bree40k.es\/wp-content\/uploads\/2025\/04\/IMG-20241208-WA0035-1024x768.jpg 1024w, https:\/\/bree40k.es\/wp-content\/uploads\/2025\/04\/IMG-20241208-WA0035-300x225.jpg 300w, https:\/\/bree40k.es\/wp-content\/uploads\/2025\/04\/IMG-20241208-WA0035-768x576.jpg 768w, https:\/\/bree40k.es\/wp-content\/uploads\/2025\/04\/IMG-20241208-WA0035-1536x1152.jpg 1536w, https:\/\/bree40k.es\/wp-content\/uploads\/2025\/04\/IMG-20241208-WA0035.jpg 2040w\" sizes=\"auto, (max-width: 1024px) 100vw, 1024px\" \/><\/figure>\n\n\n\n<figure class=\"wp-block-image size-large\"><img loading=\"lazy\" decoding=\"async\" width=\"1024\" height=\"768\" data-id=\"131\" src=\"https:\/\/bree40k.es\/wp-content\/uploads\/2025\/04\/IMG-20241208-WA0034-1024x768.jpg\" alt=\"\" class=\"wp-image-131\" srcset=\"https:\/\/bree40k.es\/wp-content\/uploads\/2025\/04\/IMG-20241208-WA0034-1024x768.jpg 1024w, https:\/\/bree40k.es\/wp-content\/uploads\/2025\/04\/IMG-20241208-WA0034-300x225.jpg 300w, https:\/\/bree40k.es\/wp-content\/uploads\/2025\/04\/IMG-20241208-WA0034-768x576.jpg 768w, https:\/\/bree40k.es\/wp-content\/uploads\/2025\/04\/IMG-20241208-WA0034-1536x1152.jpg 1536w, https:\/\/bree40k.es\/wp-content\/uploads\/2025\/04\/IMG-20241208-WA0034.jpg 2040w\" sizes=\"auto, (max-width: 1024px) 100vw, 1024px\" \/><\/figure>\n<\/figure>\n\n\n\n<p><\/p>\n\n\n\n<p>Sobra decir que si estas leyendo esto y perteneces a alguna agrupaci\u00f3n que le pudiese interesar eventos de este tipo no dud\u00e9is en contactarnos a trav\u00e9s de nuestro correo electr\u00f3nico bermeo.bree@gmail.com o a trav\u00e9s de Instagram (pod\u00e9is encontrar enlace en nuestra p\u00e1gina principal en la parte inferior).<\/p>\n\n\n\n<p><\/p>\n\n\n\n<hr class=\"wp-block-separator has-alpha-channel-opacity\"\/>\n","protected":false},"excerpt":{"rendered":"<p>II OPEN DE BIZKAIA El pr\u00f3ximo d\u00eda 21 de Junio Celebramos nuestra segunda edici\u00f3n del Open de Bizkaia, torneo individual para 20 participantes (de momento&#8230;.) perteneciente al circuito Iberian, circuito&hellip;&nbsp;<a href=\"https:\/\/bree40k.es\/?page_id=124\" rel=\"bookmark\"><span class=\"screen-reader-text\">Eventos y actividades<\/span><\/a><\/p>\n","protected":false},"author":1,"featured_media":0,"parent":0,"menu_order":0,"comment_status":"closed","ping_status":"closed","template":"","meta":{"neve_meta_sidebar":"","neve_meta_container":"","neve_meta_enable_content_width":"","neve_meta_content_width":0,"neve_meta_title_alignment":"","neve_meta_author_avatar":"","neve_post_elements_order":"","neve_meta_disable_header":"","neve_meta_disable_footer":"","neve_meta_disable_title":"","footnotes":""},"class_list":["post-124","page","type-page","status-publish","hentry"],"_links":{"self":[{"href":"https:\/\/bree40k.es\/index.php?rest_route=\/wp\/v2\/pages\/124","targetHints":{"allow":["GET"]}}],"collection":[{"href":"https:\/\/bree40k.es\/index.php?rest_route=\/wp\/v2\/pages"}],"about":[{"href":"https:\/\/bree40k.es\/index.php?rest_route=\/wp\/v2\/types\/page"}],"author":[{"embeddable":true,"href":"https:\/\/bree40k.es\/index.php?rest_route=\/wp\/v2\/users\/1"}],"replies":[{"embeddable":true,"href":"https:\/\/bree40k.es\/index.php?rest_route=%2Fwp%2Fv2%2Fcomments&post=124"}],"version-history":[{"count":7,"href":"https:\/\/bree40k.es\/index.php?rest_route=\/wp\/v2\/pages\/124\/revisions"}],"predecessor-version":[{"id":145,"href":"https:\/\/bree40k.es\/index.php?rest_route=\/wp\/v2\/pages\/124\/revisions\/145"}],"wp:attachment":[{"href":"https:\/\/bree40k.es\/index.php?rest_route=%2Fwp%2Fv2%2Fmedia&parent=124"}],"curies":[{"name":"wp","href":"https:\/\/api.w.org\/{rel}","templated":true}]}}